v(g).
2, 5
Let r(y) be the second derivative of y**5/20 - y**4/3 - 2*y**3 + 5*y**2/2 - 15*y. Let k be r(6). Suppose -k*o = -10*o + 340. What are the prime factors of o?
2, 17
Let z(o) = 4*o**3 + o**2 + 5*o - 8. Let a be (1 - 12/3 - -11) + 1. Let t be (4 - a - -3)*-2. What are the prime factors of z(t)?
2, 71
Let s(h) = 37775*h**3 - 6*h**2 + 5. What are the prime factors of s(1)?
2, 11, 17, 101
Let y be (-8)/14 + 325/91. Suppose -a = -4*a - y. List the prime factors of 78/(a + 35/20).
2, 13
Let t = -4620 - -7764. What are the prime factors of t?
2, 3, 131
Suppose -32*z + 289969 = 5*r - 30*z, 0 = 4*r - 3*z - 231989. What are the prime factors of r?
5, 7, 1657
Let i be (13/5)/((15/5)/555). Suppose 4*k - 3538 = 2*q, q - i = -k + 405. What are the prime factors of k?
3, 5, 59
Let o be 4*(1 + 4/(-16)). Suppose 2*t = -l + 6, 0*t + t = -o*l - 7. Suppose 2*j = -t*j + 777. List the prime factors of j.
3, 37
Let n be (1 - (-2)/((-3)/3))*-3. Suppose 3*s = -n*m, -3*s - 3*m + 40 = -8*s. Let r = 29 + s. List the prime factors of r.
2, 3
Suppose 2*j + 177 = 67. Let m = -50 - j. Suppose -235 = -m*w - 4*g, -4*g + 33 = w - 6*g. What are the prime factors of w?
43
Let u = 57 - 56. Let b be (6/9 - u)*-78. Let m = 35 - b. List the prime factors of m.
3
Let l = 20703 - 6806. What are the prime factors of l?
13, 1069
Suppose 0 = 17*p + 10326 - 32732. Let b = p - 675. List the prime factors of b.
643
Suppose -21*n - 2030 = -26*n. Suppose 5*f - 8*f = 4*s - 411, -2*f + n = 4*s. List the prime factors of s.
3, 11
Let f = 201 + -204. List the prime factors of f + (-3)/((-24)/5392).
11, 61
Let v(f) = -2*f**3 - 22*f**2 - 21*f - 19. Let p be v(-10). Let j(n) = -n**3 - 5*n**2 + 4*n - 3. List the prime factors of j(p).
3, 5, 19
Suppose 0 = -2*t - 5*j + 6, -2*t + 4 = 4*j - 2. Suppose k = -t*k. Suppose k*a = 2*a - 16. List the prime factors of a.
2
Let h(x) = -4*x - 16. Let t be h(-5). Suppose 0 = 4*p - 2*v - 2178, -t*p - 2*v = 2*v - 2196. List the prime factors of p.
2, 3, 7, 13
Let f = -11 + 12. Suppose -4*h + 9 - f = 0, h = -2*w + 12. Suppose -4 = -2*l, -l - 2*l - 149 = -w*v. List the prime factors of v.
31
List the prime factors of (6943/2 + 3)*1530/153.
5, 6949
Let k(x) = -3*x**3 + 5*x**2 + 2*x + 6. Let l be k(-4). Let m be l*((-5)/5 + 2). Let r = m + -51. List the prime factors of r.
3, 73
Suppose -5*t - 749 = -f, 2*f + 4*t = -t + 1438. Let g = 1189 - f. Suppose -3*b + 2*x + 272 = 0, -6*x = -5*b - x + g. What are the prime factors of b?
2, 11
List the prime factors of 1 + 2883 - (-4)/(12/9).
2887
Let h = -1013 - -418. Let s = 988 + h. List the prime factors of s.
3, 131
Let o(v) = -45*v**2 - 1587*v - 32. List the prime factors of o(-31).
2, 5, 37
Suppose 28*o - 195 = -83. Let g = 43 - 28. Suppose 5*d = o*h - 132, -2*d - g + 147 = 4*h. What are the prime factors of h?
3, 11
Suppose 0 = -9*m + 4*m + 5*s + 45, -m = -5*s + 7. Suppose -20*g + 1981 = -m*g. What are the prime factors of g?
283
Suppose 2*b = -3*i + 4*i + 4, 0 = b - 5*i + 16. Suppose -b*j - 1064 = -2*z, -36*j - 5 = -37*j. List the prime factors of z.
2, 271
Let r be 8 + 1/(5/125). What are the prime factors of ((-115)/3)/((r/(-45))/11)?
5, 23
Let o(v) be the second derivative of 19/2*v**3 - 8*v + 1 - 5*v**2. What are the prime factors of o(3)?
7, 23
Let r be (-22636)/(-21) - (-8)/84. Let t = 1641 - r. List the prime factors of t.
563
Let h be (-3)/2*(-17992)/52. Let j = 426 + h. List the prime factors of j.
3, 5, 7
Let b be -1 + -1 + (-10 - -15). Suppose 5*f + 1069 = b*s - 19, 2*f = -s + 370. What are the prime factors of s?
2, 3, 61
Let i be 88/72 + (-4)/18. Let v be (5 - i) + (-205)/(-5). What are the prime factors of 3/(v/906) + 8/(-20)?
2, 3, 5
List the prime factors of 2/(-76)*4 + (-2115087)/(-247) - 2.
7, 1223
Let h = -429 - -399. List the prime factors of 6/4*-1 + (-13485)/h.
2, 7
Let a = 7390 - 1774. List the prime factors of a.
2, 3, 13
Suppose -20897 = -24*k + 23215. Suppose -5154 - k = -8*d. What are the prime factors of d?
2, 19, 23
Let k(w) = w**2 + 15*w - 30. Let a be (-7 + 2)/5*17. Let q be k(a). Suppose p - 3*p - q*y + 198 = 0, -3*y + 6 = 0. List the prime factors of p.
5, 19
Suppose -j + 2*j = 0. Suppose 5*r - 23 + 3 = j. Suppose 4*a - 4*i + 35 = 103, -a = r*i + 8. What are the prime factors of a?
2, 3
Suppose 0 = -33*h - 16863 + 181623 + 164415. What are the prime factors of h?
3, 5, 7, 19
Suppose 2*l - 2*r = 7114, l + 14222 = 5*l + 2*r. What are the prime factors of l?
2, 7, 127
Let m(w) = 4*w**2 + 44*w + 4293. What are the prime factors of m(0)?
3, 53
Suppose -515739 - 249522 = -63*f - 0*f. List the prime factors of f.
3, 4049
Let u(j) = 4*j - 110. Let i(r) = 3*r - 74. Let q(x) = -8*i(x) + 5*u(x). List the prime factors of q(9).
2, 3
Let a be 5/(35/488) + 44/154. Suppose 3*l - 182 = a. List the prime factors of l.
2, 3, 7
Let n be (-182)/(-70) - ((-2)/5 + 0). Let d(r) = -3 - 12*r + 28 + 15*r**n + 10*r**2 - 14*r**3. List the prime factors of d(-11).
2, 3
Suppose -12667 - 9411 = -4*h + 2*g, 0 = h - 4*g - 5537. What are the prime factors of h?
3, 613
Let u = -1270 - -2762. What are the prime factors of u?
2, 373
Suppose 182049 = 3*l + 4*r, -7*r = -2*l - 11*r + 121366. What are the prime factors of l?
7, 8669
Let x be 1 + -447 - (0 - (1 + -1)). Let t = -234 - x. Suppose 0 = 4*r + 2*b - 172, -3*b + t = 5*r - 2*b. What are the prime factors of r?
2, 3, 7
Let g(n) = 2645*n + 2915. List the prime factors of g(13).
2, 5, 373
Let b = 55 - 50. List the prime factors of (b - (8 + 4)) + 1141.
2, 3, 7
Let j(a) = 66*a - 66. Let x(n) = 5*n - 5. Let v(t) = 2*j(t) - 27*x(t). Let p be v(-5). List the prime factors of (-1)/(p/(-1652)) + (-8)/(-36).
2, 23
List the prime factors of (-121086)/(-24) + 5/(-20).
5, 1009
Suppose -35*w = -41*w + 7110. Suppose -5*c - 3*o + 1100 + w = 0, 935 = 2*c - 3*o. What are the prime factors of c?
2, 5, 23
Suppose -4*q = -5*g - 1, 8 = -q + 2*g + 2*g. What are the prime factors of (-3 + q)*7 - -502?
509
Let r = 79420 - 42366. List the prime factors of r.
2, 97, 191
Let d = -911 + 695. Let u = d - -238. List the prime factors of u.
2, 11
Let w = 41854 - -24446. Suppose -n + w = 38*n. What are the prime factors of n?
2, 5, 17
Let j(o) = 36*o**2 - 33*o + 17. What are the prime factors of j(-9)?
2, 5, 17, 19
Let k = -251 - -249. Suppose -3*y + 6*y - 45 = 0. What are the prime factors of -4 - (-1596)/y - k/(-5)?
2, 3, 17
Let t = -213 + 229. Suppose 4192 = -0*n + t*n. What are the prime factors of n?
2, 131
Suppose 5*a = 35*h - 36*h + 12438, h - 2*a = 12452. What are the prime factors of h?
2, 389
Suppose -u + 2*u = -3*d + 18835, u + d = 18829. List the prime factors of u.
2, 9413
Suppose r + 3*m = -2*r + 15537, 3*r - 4*m - 15509 = 0. List the prime factors of r.
3, 5, 23
Let j = -142845 + 204299. What are the prime factors of j?
2, 30727
Suppose -40*d + 36*d - 5*u + 200113 = 0, 4*d = -3*u + 200127. List the prime factors of d.
3, 13, 1283
Let h(p) be the first derivative of p**4/4 - 13*p**3/3 + 4*p + 3. Let i be h(13). List the prime factors of 2588/18 - i/(-18).
2, 3
Suppose 77 + 133 = 7*t. Let l be t/4*88/6. Let r = l + -55. List the prime factors of r.
5, 11
Let u = -82 + 118. Let q = u + -33. Suppose -4*w - 4*o + 484 = 0, -q*o + 1 = -8. What are the prime factors of w?
2, 59
Let u = 781 + -328. Let x = u - 156. List the prime factors of x.
3, 11
Suppose 4*t - 1020 = -4*v, -1287 = -2*v - 3*v - t. Suppose -v = 5*i - 8*i. List the prime factors of i.
2, 43
Suppose 66*b - 233116 - 247232 = 0. List the prime factors of b.
2, 3, 1213
Let q(u) = -u**2 - 3*u - 5. Let h be q(-4). Suppose -107 = -3*x - 5*j, 3*x - 2*j = 51 + 70. Let o = x - h. What are the prime factors of o?
2, 3
Let k(h) = 3 - 6 - 1 + 27*h + 0. Suppose -4*w + 5*v = 2*v - 5, 0 = w + 5*v - 7. What are the prime factors of k(w)?
2, 5
Let h(s) = 201*s - 1. Let l be h(3). Suppose -7*d + 10*d + j = -1283, d - 3*j + 411 = 0. Let u = l + d. List the prime factors of u.
2, 11
Let s(r) = 113*r - 23. Let b be s(11). Suppose -4*d + b = -2200. What are the prime factors of d?
3, 5, 19
Let l(g) = 3*g**3 - 4*g**2 + 7*g + 9. Let i be l(6). List the prime factors of 1 - (-5 + i/(-3)).
191
Suppose 259 - 95 = -4*w. Let n = w + 73. Suppose 0 = q - 83 + n. What are the prime factors of q?
3, 17
Suppose 12*l - 16*l + 32 = 0. Suppose l*m - 9480 = 